nd 13.
13
Suppose -144*v + 109708 + 41985 = 26701. What is the highest common divisor of 196 and v?
28
Let h = -32 + 63. Suppose c = 5*u - 4*u + 1039, -u = 3. Let d = c + -757. What is the highest common divisor of h and d?
31
Let c = -32 - -62. Let m be (19/2 - 7)*18. Calculate the highest common divisor of c and m.
15
Suppose -6*a + 3897 + 549 = 0. Let u be (-8)/6*(-1365)/140. Calculate the greatest common divisor of u and a.
13
Let x be 0 - (-1 + 5*-4). Let m(j) = 15 - 22*j - 2*j - 80. Let p be m(-3). What is the highest common factor of x and p?
7
Let t be 52*(0 + (-4 - 60/(-16)) - -1). Calculate the greatest common divisor of 312 and t.
39
Let s be (4/5)/((-4)/(-70)). Let u be ((180/14)/(-5))/((-3)/42). Suppose u*c - 40*c + 280 = 0. What is the highest common divisor of s and c?
14
Let h be 2 - (3 - (4 - -47)). Suppose c = 5*o + 20, -3*c - 5*o - h = 2*c. Let i be ((-44)/c)/(20/50). Calculate the highest common factor of 176 and i.
22
Let d(g) = -g**2 + 280*g + 9108. Let z be d(-29). Calculate the highest common divisor of 18571 and z.
49
Suppose 3*r - 11*s = -15*s + 120, -3*s + 139 = 4*r. Suppose -3*d = -i + 5*i - 132, 4*d = -5*i + 176. Calculate the greatest common factor of r and d.
4
Suppose 0 = -3*j + 4*r - 278, -4*r = -5*j + 102 - 576. Let s = j + 59. Let q = -20 - s. Calculate the highest common factor of 133 and q.
19
Let s be 91*72/(-252)*(-38)/(-4)*-2. What is the greatest common factor of s and 377?
13
Suppose 5*r - 32 = -2*s, 5*r + 10 - 70 = 5*s. Suppose -r*o + 20 = -68. What is the greatest common factor of 2 and o?
1
Let c be (-1 + -2)/(6/(-8)) + 183. Suppose -4*z - q - 85 = 9, -2*q + 4 = 0. Let i = 41 + z. Calculate the highest common divisor of i and c.
17
Let y(k) = 2*k**2 - 5*k - 8. Let q(t) = 4*t + 137. Let f be q(-36). Let z be y(f). Calculate the greatest common factor of 75 and z.
25
Suppose 0 = -20*t + 25*t - 490. Let o = 2755 - 2753. Calculate the greatest common divisor of t and o.
2
Suppose -9*y + y + 16 = 0. Let c be y*(-6)/24*-26. What is the greatest common factor of c and 1?
1
Let k(j) = -7*j - 107. Let t be k(-16). Let p be 1 - ((-8)/t)/((-12)/(-150)). Calculate the highest common divisor of p and 399.
21
Let m be (24/(-30))/((-26)/1105). Calculate the highest common factor of 136 and m.
34
Suppose 5*c + 781 = 2*l, 4*c + 0*c - 2002 = -5*l. Let p = 412 - l. What is the greatest common divisor of 1120 and p?
14
Suppose -4*x = -9*x + c + 1, -2*c + 11 = 3*x. Let p(b) = 13*b**2 + 5*b - 2. Let h be p(x). What is the greatest common factor of h and 40?
8
Let w = 451 + -1451. Let b = w - -1345. Calculate the greatest common divisor of 23 and b.
23
Suppose -35 = -5*m - 3*r, -2*m + r = 2*m - 11. Let h(g) = -g**2 + 30. Let u be h(m). Calculate the greatest common divisor of 22 and u.
2
Let i = -2670 - -2838. Calculate the greatest common divisor of 105 and i.
21
Suppose -1280*w + 1283*w = -6, -w = 5*f - 118. Let u be (-4)/((8/6)/(-2)). Calculate the highest common divisor of u and f.
6
Suppose -4*t - 1 = -5*g - 3, 5*g - 13 = -t. Let b be (-2 - g) + (113 - 19). What is the greatest common factor of b and 60?
30
Let h be (-4)/18 - 3428/(-36). Suppose h - 29 = 6*o. Let t = -108 - -229. Calculate the greatest common divisor of o and t.
11
Let l(s) = 20*s + 28. Let q be l(-4). Let u = -18 + 75. Let p = q + u. What is the greatest common divisor of p and 15?
5
Let w(c) = 238*c - 2996. Let l be w(13). What is the highest common factor of l and 581?
7
Let b be (-1 - 1)/((-6)/96). Suppose -g + 81 = b. Let s(w) = 9*w + 142. Let v be s(6). What is the greatest common factor of v and g?
49
Suppose -5*x = -4*s - 10*x - 375, -5*x = 5*s + 470. Let j = 137 + s. Suppose 5*p = -11 + 71. What is the greatest common factor of j and p?
6
Let i be 2/((-2)/1) + 550. Suppose -2*b - 4*d = -102, -12*b + 36 = -11*b + 5*d. What is the greatest common factor of b and i?
61
Suppose -144*v - 20*v - 7009 = -327*v. Suppose -4*l - 282 = 5*k - 1835, l = 3*k + 384. What is the greatest common divisor of v and l?
43
Let f = 15 + -56. Let h = -38 - f. Suppose -4*j + 416 = 3*l, -h*l + 5*j - 553 = -7*l. What is the highest common factor of l and 33?
33
Suppose h = -3*h + 24. Let y be (-42)/(4/h - 56/48). Suppose -16*f + 2580 - y = 0. Calculate the greatest common factor of 13 and f.
13
Suppose -6 + 20 = a + 2*p, 2*p = -2*a + 38. Let v be 42/18*(-1 + 6 + -2). Let t be (12/v)/((-10)/(-140)). Calculate the greatest common divisor of a and t.
24
Let y be ((-176)/396)/((-2)/198). What is the highest common factor of y and 120?
4
Suppose 4*d - x = 51, d + 42 = 4*d - 2*x. Suppose 8*p - d = 5*p. Calculate the highest common divisor of 8 and p.
4
Suppose 102*j = 115*j - 884. What is the greatest common divisor of 731 and j?
17
Let u(r) = -13*r**3 + r + 2. Let w be u(-1). Suppose -518 = 53*i - 55*i. Calculate the highest common divisor of i and w.
7
Let f = 2 - -35. Let g = 16 - -58. What is the highest common factor of f and g?
37
Let n be 62/(-589) - (-14679240)/285. Calculate the greatest common factor of n and 14.
14
Suppose -2*x + 24 = 3*m, 0 = -3*m - 5*x + 13 + 2. Let j(r) = r + 3. Let h be j(-3). Suppose h*k - 110 = -k. What is the greatest common divisor of m and k?
10
Let i be (-13)/(-182)*14 + 185. What is the highest common factor of 434 and i?
62
Let c be ((-6)/4)/(4/(-40)). Suppose 5*u + 11*k - 16*k = 25, 0 = 2*u + 3*k - 5. Let a be 121 - u/28*7. Calculate the highest common divisor of a and c.
15
Let h(n) = 10*n - 115. Let b be h(11). Let k be (14*-3)/3*b. Calculate the greatest common factor of 2 and k.
2
Let z = -2329 + 2371. Calculate the highest common factor of z and 96.
6
Suppose -1169 = 4*s + 3759. Let f = -231 - s. Suppose 0 = -5*g - 26 + f. Calculate the highest common factor of g and 78.
39
Let x(s) = 109*s + 134. Let u be x(-4). Let h = u - -323. Calculate the greatest common factor of 168 and h.
21
Suppose 77 = -8*y - 3*y. Let f(h) = -h**3 - 7*h**2 - 3*h - 9. Let u be f(y). Let d(j) = j**2 + 2*j. Let c be d(2). What is the highest common factor of c and u?
4
Suppose g = -37*w + 41*w - 43, 5*w - 66 = 3*g. What is the highest common divisor of 8271 and w?
9
Suppose 4*a - a = -108. Let p = 24 + a. Let b(i) = -i**3 - 12*i**2 - i - 10. Let m be b(p). Calculate the highest common divisor of m and 14.
2
Let w = 9558 - 9547. What is the greatest common factor of 4158 and w?
11
Let a = 906 - 834. Suppose -3*j + u = -539, 3*j + u - 379 - 162 = 0. Calculate the greatest common factor of a and j.
36
Suppose 50882 = 337*k - 310*k - 11191. What is the highest common divisor of 1463 and k?
209
Let r(y) = 3*y**2 - 15*y - 87. Let l be r(28). What is the greatest common divisor of 1640 and l?
205
Let c be (48/8)/(-6) - -3. Suppose 0*w = 3*w + f - 2044, -3*w + 2050 = -c*f. What is the greatest common factor of 22 and w?
22
Let c be (13/143 - (-463)/(-11))*2420/(-15). Calculate the highest common divisor of c and 168.
56
Let u = -5518 - -8045. What is the highest common divisor of u and 7?
7
Suppose -10454 = -6*j + 19054. Let x be -2 + (j/7 - 12/21). Calculate the greatest common divisor of x and 28.
28
Let m be (-4 - (-27)/6)*0. Suppose m = -5*u + u - w + 157, 0 = u - 5*w - 13. Suppose 6*g = 14*g - 456. What is the highest common divisor of u and g?
19
Suppose 3*u - 10*p + 6*p + 91 = 0, -4*p + 120 = -4*u. Let x(q) = -q**3 - 30*q**2 - 34*q - 120. Let s be x(u). What is the greatest common divisor of 700 and s?
25
Let f = 673 - 461. Let b be (f/265)/(2/15). What is the highest common divisor of b and 348?
6
Let c be 6/33 + 26700/44. Suppose 3*r - 119 - c = -3*t, -3*t + r + 718 = 0. Calculate the greatest common factor of 96 and t.
48
Let x(a) = -9226*a - 1022. Let l be x(-3). Calculate the highest common divisor of l and 7.
7
Suppose 0 = -3*t + t + 40. Let s = t - 76. Let x be 28/s + 33/2. Calculate the greatest common divisor of 368 and x.
16
Let r = -17 - -10. Let m = -5 - r. Suppose 13 = 19*y - 253. What is the greatest common divisor of m and y?
2
Let a = -33463 - -52137. Suppose 6*z = -4016 + a. Suppose -8*j = 779 - z. What is the highest common factor of 16 and j?
16
Let y = -31 - -29. Let z be (-1)/3 - 4025/(-15) - y. Suppose z = 9*j - 342. Calculate the greatest common factor of 102 and j.
34
Suppose -4*o + 55 = -201. Let c be ((14/(-4))/7)/((-8)/80).